{"id":57537,"date":"2026-02-05T20:40:20","date_gmt":"2026-02-06T02:40:20","guid":{"rendered":"https:\/\/contratame.online\/es\/candidate\/karla-matinez5\/"},"modified":"2026-02-05T20:55:58","modified_gmt":"2026-02-06T02:55:58","slug":"karla-matinez5","status":"publish","type":"candidate","link":"https:\/\/contratame.online\/es\/candidate\/karla-matinez5\/","title":{"rendered":"karla.matinez5"},"content":{"rendered":"<p>Soy una profesional proactiva, responsable y creativa en el \u00e1mbito audiovisual. Me he destacado como fot\u00f3grafa, editora de video, asistente de producci\u00f3n y escritora, aportando ideas, compromiso y calidad en cada proyecto. Adem\u00e1s, me esfuerzo por ayudar a otros a mejorar en cinematograf\u00eda, edici\u00f3n y fotograf\u00eda, mientras contin\u00fao desarrollando mis propias habilidades y buscando crecer profesionalmente.<\/p>\n","protected":false},"featured_media":0,"comment_status":"open","ping_status":"closed","template":"","candidate_category":[277],"candidate_location":[],"candidate_tag":[],"class_list":["post-57537","candidate","type-candidate","status-publish","hentry","candidate_category-disenador"],"yoast_head":"<!-- This site is optimized with the Yoast SEO plugin v24.0 - https:\/\/yoast.com\/wordpress\/plugins\/seo\/ -->\n<title>karla.matinez5 - Contratame.online<\/title>\n<meta name=\"robots\" content=\"index, follow, max-snippet:-1, max-image-preview:large, max-video-preview:-1\" \/>\n<link rel=\"canonical\" href=\"https:\/\/contratame.online\/es\/candidate\/karla-matinez5\/\" \/>\n<meta property=\"og:locale\" content=\"es_ES\" \/>\n<meta property=\"og:type\" content=\"article\" \/>\n<meta property=\"og:title\" content=\"karla.matinez5 - Contratame.online\" \/>\n<meta property=\"og:description\" content=\"Soy una profesional proactiva, responsable y creativa en el \u00e1mbito audiovisual. Me he destacado como fot\u00f3grafa, editora de video, asistente de producci\u00f3n y escritora, aportando ideas, compromiso y calidad en cada proyecto. Adem\u00e1s, me esfuerzo por ayudar a otros a mejorar en cinematograf\u00eda, edici\u00f3n y fotograf\u00eda, mientras contin\u00fao desarrollando mis propias habilidades y buscando crecer [&hellip;]\" \/>\n<meta property=\"og:url\" content=\"https:\/\/contratame.online\/es\/candidate\/karla-matinez5\/\" \/>\n<meta property=\"og:site_name\" content=\"Contratame.online\" \/>\n<meta property=\"article:publisher\" content=\"https:\/\/www.facebook.com\/contratamegt\" \/>\n<meta property=\"article:modified_time\" content=\"2026-02-06T02:55:58+00:00\" \/>\n<meta name=\"twitter:card\" content=\"summary_large_image\" \/>\n<script type=\"application\/ld+json\" class=\"yoast-schema-graph\">{\"@context\":\"https:\/\/schema.org\",\"@graph\":[{\"@type\":\"WebPage\",\"@id\":\"https:\/\/contratame.online\/es\/candidate\/karla-matinez5\/\",\"url\":\"https:\/\/contratame.online\/es\/candidate\/karla-matinez5\/\",\"name\":\"karla.matinez5 - Contratame.online\",\"isPartOf\":{\"@id\":\"https:\/\/contratame.online\/#website\"},\"datePublished\":\"2026-02-06T02:40:20+00:00\",\"dateModified\":\"2026-02-06T02:55:58+00:00\",\"breadcrumb\":{\"@id\":\"https:\/\/contratame.online\/es\/candidate\/karla-matinez5\/#breadcrumb\"},\"inLanguage\":\"es\",\"potentialAction\":[{\"@type\":\"ReadAction\",\"target\":[\"https:\/\/contratame.online\/es\/candidate\/karla-matinez5\/\"]}]},{\"@type\":\"BreadcrumbList\",\"@id\":\"https:\/\/contratame.online\/es\/candidate\/karla-matinez5\/#breadcrumb\",\"itemListElement\":[{\"@type\":\"ListItem\",\"position\":1,\"name\":\"Portada\",\"item\":\"https:\/\/contratame.online\/\"},{\"@type\":\"ListItem\",\"position\":2,\"name\":\"Candidates\",\"item\":\"https:\/\/contratame.online\/en\/candidate\/\"},{\"@type\":\"ListItem\",\"position\":3,\"name\":\"karla.matinez5\"}]},{\"@type\":\"WebSite\",\"@id\":\"https:\/\/contratame.online\/#website\",\"url\":\"https:\/\/contratame.online\/\",\"name\":\"Contratame.online\",\"description\":\"Encuentra el empleo que siempre so\u00f1aste.\",\"publisher\":{\"@id\":\"https:\/\/contratame.online\/#organization\"},\"potentialAction\":[{\"@type\":\"SearchAction\",\"target\":{\"@type\":\"EntryPoint\",\"urlTemplate\":\"https:\/\/contratame.online\/?s={search_term_string}\"},\"query-input\":{\"@type\":\"PropertyValueSpecification\",\"valueRequired\":true,\"valueName\":\"search_term_string\"}}],\"inLanguage\":\"es\"},{\"@type\":\"Organization\",\"@id\":\"https:\/\/contratame.online\/#organization\",\"name\":\"CONTRATA ME\",\"url\":\"https:\/\/contratame.online\/\",\"logo\":{\"@type\":\"ImageObject\",\"inLanguage\":\"es\",\"@id\":\"https:\/\/contratame.online\/#\/schema\/logo\/image\/\",\"url\":\"https:\/\/contratame.online\/wp-content\/uploads\/2023\/07\/logohd.png\",\"contentUrl\":\"https:\/\/contratame.online\/wp-content\/uploads\/2023\/07\/logohd.png\",\"width\":150,\"height\":50,\"caption\":\"CONTRATA ME\"},\"image\":{\"@id\":\"https:\/\/contratame.online\/#\/schema\/logo\/image\/\"},\"sameAs\":[\"https:\/\/www.facebook.com\/contratamegt\"]}]}<\/script>\n<!-- \/ Yoast SEO plugin. -->","yoast_head_json":{"title":"karla.matinez5 - Contratame.online","robots":{"index":"index","follow":"follow","max-snippet":"max-snippet:-1","max-image-preview":"max-image-preview:large","max-video-preview":"max-video-preview:-1"},"canonical":"https:\/\/contratame.online\/es\/candidate\/karla-matinez5\/","og_locale":"es_ES","og_type":"article","og_title":"karla.matinez5 - Contratame.online","og_description":"Soy una profesional proactiva, responsable y creativa en el \u00e1mbito audiovisual. Me he destacado como fot\u00f3grafa, editora de video, asistente de producci\u00f3n y escritora, aportando ideas, compromiso y calidad en cada proyecto. Adem\u00e1s, me esfuerzo por ayudar a otros a mejorar en cinematograf\u00eda, edici\u00f3n y fotograf\u00eda, mientras contin\u00fao desarrollando mis propias habilidades y buscando crecer [&hellip;]","og_url":"https:\/\/contratame.online\/es\/candidate\/karla-matinez5\/","og_site_name":"Contratame.online","article_publisher":"https:\/\/www.facebook.com\/contratamegt","article_modified_time":"2026-02-06T02:55:58+00:00","twitter_card":"summary_large_image","schema":{"@context":"https:\/\/schema.org","@graph":[{"@type":"WebPage","@id":"https:\/\/contratame.online\/es\/candidate\/karla-matinez5\/","url":"https:\/\/contratame.online\/es\/candidate\/karla-matinez5\/","name":"karla.matinez5 - Contratame.online","isPartOf":{"@id":"https:\/\/contratame.online\/#website"},"datePublished":"2026-02-06T02:40:20+00:00","dateModified":"2026-02-06T02:55:58+00:00","breadcrumb":{"@id":"https:\/\/contratame.online\/es\/candidate\/karla-matinez5\/#breadcrumb"},"inLanguage":"es","potentialAction":[{"@type":"ReadAction","target":["https:\/\/contratame.online\/es\/candidate\/karla-matinez5\/"]}]},{"@type":"BreadcrumbList","@id":"https:\/\/contratame.online\/es\/candidate\/karla-matinez5\/#breadcrumb","itemListElement":[{"@type":"ListItem","position":1,"name":"Portada","item":"https:\/\/contratame.online\/"},{"@type":"ListItem","position":2,"name":"Candidates","item":"https:\/\/contratame.online\/en\/candidate\/"},{"@type":"ListItem","position":3,"name":"karla.matinez5"}]},{"@type":"WebSite","@id":"https:\/\/contratame.online\/#website","url":"https:\/\/contratame.online\/","name":"Contratame.online","description":"Encuentra el empleo que siempre so\u00f1aste.","publisher":{"@id":"https:\/\/contratame.online\/#organization"},"potentialAction":[{"@type":"SearchAction","target":{"@type":"EntryPoint","urlTemplate":"https:\/\/contratame.online\/?s={search_term_string}"},"query-input":{"@type":"PropertyValueSpecification","valueRequired":true,"valueName":"search_term_string"}}],"inLanguage":"es"},{"@type":"Organization","@id":"https:\/\/contratame.online\/#organization","name":"CONTRATA ME","url":"https:\/\/contratame.online\/","logo":{"@type":"ImageObject","inLanguage":"es","@id":"https:\/\/contratame.online\/#\/schema\/logo\/image\/","url":"https:\/\/contratame.online\/wp-content\/uploads\/2023\/07\/logohd.png","contentUrl":"https:\/\/contratame.online\/wp-content\/uploads\/2023\/07\/logohd.png","width":150,"height":50,"caption":"CONTRATA ME"},"image":{"@id":"https:\/\/contratame.online\/#\/schema\/logo\/image\/"},"sameAs":["https:\/\/www.facebook.com\/contratamegt"]}]}},"metas":{"_candidate_location":[],"_candidate_age":"22","_candidate_gender":"Femenino","_candidate_phone":"55746001","_candidate_email":"karla.matinez5@gmail.com","_candidate_qualification":"Licenciatura","_candidate_job_title":"comunicadora audiovisual","_candidate_experience_time":"3 A\u00f1o","_candidate_salary":"","_candidate_languages":["Espa\u00f1ol","Ingl\u00e9s"],"_candidate_skill":"","_candidate_category":{"277":"Dise\u00f1ador"},"_candidate_cv_attachment":{"57539":"https:\/\/contratame.online\/wp-content\/uploads\/2026\/02\/2026-cv.pdf"},"_candidate_education":"","_candidate_experience":""},"_links":{"self":[{"href":"https:\/\/contratame.online\/es\/wp-json\/wp\/v2\/candidate\/57537","targetHints":{"allow":["GET"]}}],"collection":[{"href":"https:\/\/contratame.online\/es\/wp-json\/wp\/v2\/candidate"}],"about":[{"href":"https:\/\/contratame.online\/es\/wp-json\/wp\/v2\/types\/candidate"}],"replies":[{"embeddable":true,"href":"https:\/\/contratame.online\/es\/wp-json\/wp\/v2\/comments?post=57537"}],"version-history":[{"count":1,"href":"https:\/\/contratame.online\/es\/wp-json\/wp\/v2\/candidate\/57537\/revisions"}],"predecessor-version":[{"id":57538,"href":"https:\/\/contratame.online\/es\/wp-json\/wp\/v2\/candidate\/57537\/revisions\/57538"}],"wp:attachment":[{"href":"https:\/\/contratame.online\/es\/wp-json\/wp\/v2\/media?parent=57537"}],"wp:term":[{"taxonomy":"candidate_category","embeddable":true,"href":"https:\/\/contratame.online\/es\/wp-json\/wp\/v2\/candidate_category?post=57537"},{"taxonomy":"candidate_location","embeddable":true,"href":"https:\/\/contratame.online\/es\/wp-json\/wp\/v2\/candidate_location?post=57537"},{"taxonomy":"candidate_tag","embeddable":true,"href":"https:\/\/contratame.online\/es\/wp-json\/wp\/v2\/candidate_tag?post=57537"}],"curies":[{"name":"wp","href":"https:\/\/api.w.org\/{rel}","templated":true}]}}

<p>Soy una profesional proactiva, responsable y creativa en el ámbito audiovisual. Me he destacado como fotógrafa, editora de video, asistente de producción y escritora, aportando ideas, compromiso y calidad en cada proyecto. Además, me esfuerzo por ayudar a otros a mejorar en cinematografía, edición y fotografía, mientras continúo desarrollando mis propias habilidades y buscando crecer profesionalmente.</p>

<!-- This site is optimized with the Yoast SEO plugin v24.0 - https://yoast.com/wordpress/plugins/seo/ -->
<title>karla.matinez5 - Contratame.online</title>
<meta name="robots" content="index, follow, max-snippet:-1, max-image-preview:large, max-video-preview:-1" />
<link rel="canonical" href="https://contratame.online/es/candidate/karla-matinez5/" />
<meta property="og:locale" content="es_ES" />
<meta property="og:type" content="article" />
<meta property="og:title" content="karla.matinez5 - Contratame.online" />
<meta property="og:description" content="Soy una profesional proactiva, responsable y creativa en el ámbito audiovisual. Me he destacado como fotógrafa, editora de video, asistente de producción y escritora, aportando ideas, compromiso y calidad en cada proyecto. Además, me esfuerzo por ayudar a otros a mejorar en cinematografía, edición y fotografía, mientras continúo desarrollando mis propias habilidades y buscando crecer [&hellip;]" />
<meta property="og:url" content="https://contratame.online/es/candidate/karla-matinez5/" />
<meta property="og:site_name" content="Contratame.online" />
<meta property="article:publisher" content="https://www.facebook.com/contratamegt" />
<meta property="article:modified_time" content="2026-02-06T02:55:58+00:00" />
<meta name="twitter:card" content="summary_large_image" />
<script type="application/ld+json" class="yoast-schema-graph">{"@context":"https://schema.org","@graph":[{"@type":"WebPage","@id":"https://contratame.online/es/candidate/karla-matinez5/","url":"https://contratame.online/es/candidate/karla-matinez5/","name":"karla.matinez5 - Contratame.online","isPartOf":{"@id":"https://contratame.online/#website"},"datePublished":"2026-02-06T02:40:20+00:00","dateModified":"2026-02-06T02:55:58+00:00","breadcrumb":{"@id":"https://contratame.online/es/candidate/karla-matinez5/#breadcrumb"},"inLanguage":"es","potentialAction":[{"@type":"ReadAction","target":["https://contratame.online/es/candidate/karla-matinez5/"]}]},{"@type":"BreadcrumbList","@id":"https://contratame.online/es/candidate/karla-matinez5/#breadcrumb","itemListElement":[{"@type":"ListItem","position":1,"name":"Portada","item":"https://contratame.online/"},{"@type":"ListItem","position":2,"name":"Candidates","item":"https://contratame.online/en/candidate/"},{"@type":"ListItem","position":3,"name":"karla.matinez5"}]},{"@type":"WebSite","@id":"https://contratame.online/#website","url":"https://contratame.online/","name":"Contratame.online","description":"Encuentra el empleo que siempre soñaste.","publisher":{"@id":"https://contratame.online/#organization"},"potentialAction":[{"@type":"SearchAction","target":{"@type":"EntryPoint","urlTemplate":"https://contratame.online/?s={search_term_string}"},"query-input":{"@type":"PropertyValueSpecification","valueRequired":true,"valueName":"search_term_string"}}],"inLanguage":"es"},{"@type":"Organization","@id":"https://contratame.online/#organization","name":"CONTRATA ME","url":"https://contratame.online/","logo":{"@type":"ImageObject","inLanguage":"es","@id":"https://contratame.online/#/schema/logo/image/","url":"https://contratame.online/wp-content/uploads/2023/07/logohd.png","contentUrl":"https://contratame.online/wp-content/uploads/2023/07/logohd.png","width":150,"height":50,"caption":"CONTRATA ME"},"image":{"@id":"https://contratame.online/#/schema/logo/image/"},"sameAs":["https://www.facebook.com/contratamegt"]}]}</script>
<!-- / Yoast SEO plugin. -->

Soy una profesional proactiva, responsable y creativa en el ámbito audiovisual. Me he destacado como fotógrafa, editora de video, asistente de producción y escritora, aportando ideas, compromiso y calidad en cada proyecto. Además, me esfuerzo por ayudar a otros a mejorar en cinematografía, edición y fotografía, mientras continúo desarrollando mis propias habilidades y buscando crecer [&hellip;]

Encuentra el empleo que siempre soñaste.

3 Año

Español

Inglés

Diseñador
