{"id":74041,"date":"2026-02-16T23:18:57","date_gmt":"2026-02-17T05:18:57","guid":{"rendered":"https:\/\/contratame.online\/es\/candidate\/edgrequena-e\/"},"modified":"2026-02-17T08:18:42","modified_gmt":"2026-02-17T14:18:42","slug":"edgrequena-e","status":"publish","type":"candidate","link":"https:\/\/contratame.online\/es\/candidate\/edgrequena-e\/","title":{"rendered":"Edgar Armando Requena Rodriguez"},"content":{"rendered":"<p>He destacado en el \u00e1mbito laboral por mi crecimiento progresivo dentro del sector comercial, pasando de roles de ventas a posiciones de supervisi\u00f3n y expansi\u00f3n, lo que demuestra mi capacidad de liderazgo y generaci\u00f3n de resultados. A lo largo de mi trayectoria he fortalecido la cobertura y posicionamiento de marcas en campo, desarrollado relaciones s\u00f3lidas con clientes y puntos de venta, y ejecutado estrategias comerciales que han incrementado la penetraci\u00f3n de mercado y la cartera de clientes.<\/p>\n<p>Como supervisor, he liderado equipos y m\u00faltiples canales de venta, asegurando la correcta ejecuci\u00f3n de rutas, material POP y ofertas comerciales, as\u00ed como el cumplimiento de indicadores de desempe\u00f1o. Me caracterizo por la orientaci\u00f3n a resultados, la gesti\u00f3n estrat\u00e9gica del territorio y la mejora continua del desempe\u00f1o comercial, contribuyendo al crecimiento sostenido de las zonas bajo mi responsabilidad.<\/p>\n","protected":false},"featured_media":74044,"comment_status":"open","ping_status":"closed","template":"","candidate_category":[281],"candidate_location":[178],"candidate_tag":[],"class_list":["post-74041","candidate","type-candidate","status-publish","has-post-thumbnail","hentry","candidate_category-finanzas","candidate_location-peten"],"yoast_head":"<!-- This site is optimized with the Yoast SEO plugin v24.0 - https:\/\/yoast.com\/wordpress\/plugins\/seo\/ -->\n<title>Edgar Armando Requena Rodriguez - Contratame.online<\/title>\n<meta name=\"robots\" content=\"index, follow, max-snippet:-1, max-image-preview:large, max-video-preview:-1\" \/>\n<link rel=\"canonical\" href=\"https:\/\/contratame.online\/es\/candidate\/edgrequena-e\/\" \/>\n<meta property=\"og:locale\" content=\"es_ES\" \/>\n<meta property=\"og:type\" content=\"article\" \/>\n<meta property=\"og:title\" content=\"Edgar Armando Requena Rodriguez - Contratame.online\" \/>\n<meta property=\"og:description\" content=\"He destacado en el \u00e1mbito laboral por mi crecimiento progresivo dentro del sector comercial, pasando de roles de ventas a posiciones de supervisi\u00f3n y expansi\u00f3n, lo que demuestra mi capacidad de liderazgo y generaci\u00f3n de resultados. A lo largo de mi trayectoria he fortalecido la cobertura y posicionamiento de marcas en campo, desarrollado relaciones s\u00f3lidas [&hellip;]\" \/>\n<meta property=\"og:url\" content=\"https:\/\/contratame.online\/es\/candidate\/edgrequena-e\/\" \/>\n<meta property=\"og:site_name\" content=\"Contratame.online\" \/>\n<meta property=\"article:publisher\" content=\"https:\/\/www.facebook.com\/contratamegt\" \/>\n<meta property=\"article:modified_time\" content=\"2026-02-17T14:18:42+00:00\" \/>\n<meta property=\"og:image\" content=\"https:\/\/contratame.online\/wp-content\/uploads\/wp-job-board-pro-uploads\/_candidate_featured_image\/2026\/02\/EDGAR-REQUENA.jpeg\" \/>\n\t<meta property=\"og:image:width\" content=\"768\" \/>\n\t<meta property=\"og:image:height\" content=\"1344\" \/>\n\t<meta property=\"og:image:type\" content=\"image\/jpeg\" \/>\n<meta name=\"twitter:card\" content=\"summary_large_image\" \/>\n<meta name=\"twitter:label1\" content=\"Est. reading time\" \/>\n\t<meta name=\"twitter:data1\" content=\"1 minuto\" \/>\n<script type=\"application\/ld+json\" class=\"yoast-schema-graph\">{\"@context\":\"https:\/\/schema.org\",\"@graph\":[{\"@type\":\"WebPage\",\"@id\":\"https:\/\/contratame.online\/es\/candidate\/edgrequena-e\/\",\"url\":\"https:\/\/contratame.online\/es\/candidate\/edgrequena-e\/\",\"name\":\"Edgar Armando Requena Rodriguez - Contratame.online\",\"isPartOf\":{\"@id\":\"https:\/\/contratame.online\/#website\"},\"primaryImageOfPage\":{\"@id\":\"https:\/\/contratame.online\/es\/candidate\/edgrequena-e\/#primaryimage\"},\"image\":{\"@id\":\"https:\/\/contratame.online\/es\/candidate\/edgrequena-e\/#primaryimage\"},\"thumbnailUrl\":\"https:\/\/contratame.online\/wp-content\/uploads\/wp-job-board-pro-uploads\/_candidate_featured_image\/2026\/02\/EDGAR-REQUENA.jpeg\",\"datePublished\":\"2026-02-17T05:18:57+00:00\",\"dateModified\":\"2026-02-17T14:18:42+00:00\",\"breadcrumb\":{\"@id\":\"https:\/\/contratame.online\/es\/candidate\/edgrequena-e\/#breadcrumb\"},\"inLanguage\":\"es\",\"potentialAction\":[{\"@type\":\"ReadAction\",\"target\":[\"https:\/\/contratame.online\/es\/candidate\/edgrequena-e\/\"]}]},{\"@type\":\"ImageObject\",\"inLanguage\":\"es\",\"@id\":\"https:\/\/contratame.online\/es\/candidate\/edgrequena-e\/#primaryimage\",\"url\":\"https:\/\/contratame.online\/wp-content\/uploads\/wp-job-board-pro-uploads\/_candidate_featured_image\/2026\/02\/EDGAR-REQUENA.jpeg\",\"contentUrl\":\"https:\/\/contratame.online\/wp-content\/uploads\/wp-job-board-pro-uploads\/_candidate_featured_image\/2026\/02\/EDGAR-REQUENA.jpeg\",\"width\":768,\"height\":1344},{\"@type\":\"BreadcrumbList\",\"@id\":\"https:\/\/contratame.online\/es\/candidate\/edgrequena-e\/#breadcrumb\",\"itemListElement\":[{\"@type\":\"ListItem\",\"position\":1,\"name\":\"Portada\",\"item\":\"https:\/\/contratame.online\/\"},{\"@type\":\"ListItem\",\"position\":2,\"name\":\"Candidates\",\"item\":\"https:\/\/contratame.online\/en\/candidate\/\"},{\"@type\":\"ListItem\",\"position\":3,\"name\":\"Edgar Armando Requena Rodriguez\"}]},{\"@type\":\"WebSite\",\"@id\":\"https:\/\/contratame.online\/#website\",\"url\":\"https:\/\/contratame.online\/\",\"name\":\"Contratame.online\",\"description\":\"Encuentra el empleo que siempre so\u00f1aste.\",\"publisher\":{\"@id\":\"https:\/\/contratame.online\/#organization\"},\"potentialAction\":[{\"@type\":\"SearchAction\",\"target\":{\"@type\":\"EntryPoint\",\"urlTemplate\":\"https:\/\/contratame.online\/?s={search_term_string}\"},\"query-input\":{\"@type\":\"PropertyValueSpecification\",\"valueRequired\":true,\"valueName\":\"search_term_string\"}}],\"inLanguage\":\"es\"},{\"@type\":\"Organization\",\"@id\":\"https:\/\/contratame.online\/#organization\",\"name\":\"CONTRATA ME\",\"url\":\"https:\/\/contratame.online\/\",\"logo\":{\"@type\":\"ImageObject\",\"inLanguage\":\"es\",\"@id\":\"https:\/\/contratame.online\/#\/schema\/logo\/image\/\",\"url\":\"https:\/\/contratame.online\/wp-content\/uploads\/2023\/07\/logohd.png\",\"contentUrl\":\"https:\/\/contratame.online\/wp-content\/uploads\/2023\/07\/logohd.png\",\"width\":150,\"height\":50,\"caption\":\"CONTRATA ME\"},\"image\":{\"@id\":\"https:\/\/contratame.online\/#\/schema\/logo\/image\/\"},\"sameAs\":[\"https:\/\/www.facebook.com\/contratamegt\"]}]}<\/script>\n<!-- \/ Yoast SEO plugin. -->","yoast_head_json":{"title":"Edgar Armando Requena Rodriguez - Contratame.online","robots":{"index":"index","follow":"follow","max-snippet":"max-snippet:-1","max-image-preview":"max-image-preview:large","max-video-preview":"max-video-preview:-1"},"canonical":"https:\/\/contratame.online\/es\/candidate\/edgrequena-e\/","og_locale":"es_ES","og_type":"article","og_title":"Edgar Armando Requena Rodriguez - Contratame.online","og_description":"He destacado en el \u00e1mbito laboral por mi crecimiento progresivo dentro del sector comercial, pasando de roles de ventas a posiciones de supervisi\u00f3n y expansi\u00f3n, lo que demuestra mi capacidad de liderazgo y generaci\u00f3n de resultados. A lo largo de mi trayectoria he fortalecido la cobertura y posicionamiento de marcas en campo, desarrollado relaciones s\u00f3lidas [&hellip;]","og_url":"https:\/\/contratame.online\/es\/candidate\/edgrequena-e\/","og_site_name":"Contratame.online","article_publisher":"https:\/\/www.facebook.com\/contratamegt","article_modified_time":"2026-02-17T14:18:42+00:00","og_image":[{"width":768,"height":1344,"url":"https:\/\/contratame.online\/wp-content\/uploads\/wp-job-board-pro-uploads\/_candidate_featured_image\/2026\/02\/EDGAR-REQUENA.jpeg","type":"image\/jpeg"}],"twitter_card":"summary_large_image","twitter_misc":{"Est. reading time":"1 minuto"},"schema":{"@context":"https:\/\/schema.org","@graph":[{"@type":"WebPage","@id":"https:\/\/contratame.online\/es\/candidate\/edgrequena-e\/","url":"https:\/\/contratame.online\/es\/candidate\/edgrequena-e\/","name":"Edgar Armando Requena Rodriguez - Contratame.online","isPartOf":{"@id":"https:\/\/contratame.online\/#website"},"primaryImageOfPage":{"@id":"https:\/\/contratame.online\/es\/candidate\/edgrequena-e\/#primaryimage"},"image":{"@id":"https:\/\/contratame.online\/es\/candidate\/edgrequena-e\/#primaryimage"},"thumbnailUrl":"https:\/\/contratame.online\/wp-content\/uploads\/wp-job-board-pro-uploads\/_candidate_featured_image\/2026\/02\/EDGAR-REQUENA.jpeg","datePublished":"2026-02-17T05:18:57+00:00","dateModified":"2026-02-17T14:18:42+00:00","breadcrumb":{"@id":"https:\/\/contratame.online\/es\/candidate\/edgrequena-e\/#breadcrumb"},"inLanguage":"es","potentialAction":[{"@type":"ReadAction","target":["https:\/\/contratame.online\/es\/candidate\/edgrequena-e\/"]}]},{"@type":"ImageObject","inLanguage":"es","@id":"https:\/\/contratame.online\/es\/candidate\/edgrequena-e\/#primaryimage","url":"https:\/\/contratame.online\/wp-content\/uploads\/wp-job-board-pro-uploads\/_candidate_featured_image\/2026\/02\/EDGAR-REQUENA.jpeg","contentUrl":"https:\/\/contratame.online\/wp-content\/uploads\/wp-job-board-pro-uploads\/_candidate_featured_image\/2026\/02\/EDGAR-REQUENA.jpeg","width":768,"height":1344},{"@type":"BreadcrumbList","@id":"https:\/\/contratame.online\/es\/candidate\/edgrequena-e\/#breadcrumb","itemListElement":[{"@type":"ListItem","position":1,"name":"Portada","item":"https:\/\/contratame.online\/"},{"@type":"ListItem","position":2,"name":"Candidates","item":"https:\/\/contratame.online\/en\/candidate\/"},{"@type":"ListItem","position":3,"name":"Edgar Armando Requena Rodriguez"}]},{"@type":"WebSite","@id":"https:\/\/contratame.online\/#website","url":"https:\/\/contratame.online\/","name":"Contratame.online","description":"Encuentra el empleo que siempre so\u00f1aste.","publisher":{"@id":"https:\/\/contratame.online\/#organization"},"potentialAction":[{"@type":"SearchAction","target":{"@type":"EntryPoint","urlTemplate":"https:\/\/contratame.online\/?s={search_term_string}"},"query-input":{"@type":"PropertyValueSpecification","valueRequired":true,"valueName":"search_term_string"}}],"inLanguage":"es"},{"@type":"Organization","@id":"https:\/\/contratame.online\/#organization","name":"CONTRATA ME","url":"https:\/\/contratame.online\/","logo":{"@type":"ImageObject","inLanguage":"es","@id":"https:\/\/contratame.online\/#\/schema\/logo\/image\/","url":"https:\/\/contratame.online\/wp-content\/uploads\/2023\/07\/logohd.png","contentUrl":"https:\/\/contratame.online\/wp-content\/uploads\/2023\/07\/logohd.png","width":150,"height":50,"caption":"CONTRATA ME"},"image":{"@id":"https:\/\/contratame.online\/#\/schema\/logo\/image\/"},"sameAs":["https:\/\/www.facebook.com\/contratamegt"]}]}},"metas":{"_candidate_location":{"178":"Pet\u00e9n"},"_candidate_age":"32","_candidate_gender":"Masculino","_candidate_phone":"41420816","_candidate_email":"edgrequena.e@gmail.com","_candidate_qualification":"Diversificado","_candidate_job_title":"Supervisor","_candidate_experience_time":"4 A\u00f1os","_candidate_salary":"Q7,000","_candidate_languages":["Espa\u00f1ol"],"_candidate_skill":[{"title":"Liderazgo y supervisi\u00f3n de equipos en campo","percentage":"92"},{"title":"Gesti\u00f3n estrat\u00e9gica de rutas comerciales","percentage":"90"},{"title":"An\u00e1lisis de desempe\u00f1o y mejora continua","percentage":"95"},{"title":"Implementaci\u00f3n de estrategias comerciales","percentage":"96"}],"_candidate_category":{"281":"Finanzas"},"_candidate_cv_attachment":{"74043":"https:\/\/contratame.online\/wp-content\/uploads\/2026\/02\/EDGAR-ARMANDO-REQUENA.pdf"},"_candidate_education":"","_candidate_experience":"","_candidate_logo":"https:\/\/contratame.online\/wp-content\/uploads\/wp-job-board-pro-uploads\/_candidate_featured_image\/2026\/02\/EDGAR-REQUENA-150x150.jpeg"},"_links":{"self":[{"href":"https:\/\/contratame.online\/es\/wp-json\/wp\/v2\/candidate\/74041","targetHints":{"allow":["GET"]}}],"collection":[{"href":"https:\/\/contratame.online\/es\/wp-json\/wp\/v2\/candidate"}],"about":[{"href":"https:\/\/contratame.online\/es\/wp-json\/wp\/v2\/types\/candidate"}],"replies":[{"embeddable":true,"href":"https:\/\/contratame.online\/es\/wp-json\/wp\/v2\/comments?post=74041"}],"version-history":[{"count":1,"href":"https:\/\/contratame.online\/es\/wp-json\/wp\/v2\/candidate\/74041\/revisions"}],"predecessor-version":[{"id":74042,"href":"https:\/\/contratame.online\/es\/wp-json\/wp\/v2\/candidate\/74041\/revisions\/74042"}],"wp:featuredmedia":[{"embeddable":true,"href":"https:\/\/contratame.online\/es\/wp-json\/wp\/v2\/media\/74044"}],"wp:attachment":[{"href":"https:\/\/contratame.online\/es\/wp-json\/wp\/v2\/media?parent=74041"}],"wp:term":[{"taxonomy":"candidate_category","embeddable":true,"href":"https:\/\/contratame.online\/es\/wp-json\/wp\/v2\/candidate_category?post=74041"},{"taxonomy":"candidate_location","embeddable":true,"href":"https:\/\/contratame.online\/es\/wp-json\/wp\/v2\/candidate_location?post=74041"},{"taxonomy":"candidate_tag","embeddable":true,"href":"https:\/\/contratame.online\/es\/wp-json\/wp\/v2\/candidate_tag?post=74041"}],"curies":[{"name":"wp","href":"https:\/\/api.w.org\/{rel}","templated":true}]}}

<p>He destacado en el ámbito laboral por mi crecimiento progresivo dentro del sector comercial, pasando de roles de ventas a posiciones de supervisión y expansión, lo que demuestra mi capacidad de liderazgo y generación de resultados. A lo largo de mi trayectoria he fortalecido la cobertura y posicionamiento de marcas en campo, desarrollado relaciones sólidas con clientes y puntos de venta, y ejecutado estrategias comerciales que han incrementado la penetración de mercado y la cartera de clientes.</p>
<p>Como supervisor, he liderado equipos y múltiples canales de venta, asegurando la correcta ejecución de rutas, material POP y ofertas comerciales, así como el cumplimiento de indicadores de desempeño. Me caracterizo por la orientación a resultados, la gestión estratégica del territorio y la mejora continua del desempeño comercial, contribuyendo al crecimiento sostenido de las zonas bajo mi responsabilidad.</p>

<!-- This site is optimized with the Yoast SEO plugin v24.0 - https://yoast.com/wordpress/plugins/seo/ -->
<title>Edgar Armando Requena Rodriguez - Contratame.online</title>
<meta name="robots" content="index, follow, max-snippet:-1, max-image-preview:large, max-video-preview:-1" />
<link rel="canonical" href="https://contratame.online/es/candidate/edgrequena-e/" />
<meta property="og:locale" content="es_ES" />
<meta property="og:type" content="article" />
<meta property="og:title" content="Edgar Armando Requena Rodriguez - Contratame.online" />
<meta property="og:description" content="He destacado en el ámbito laboral por mi crecimiento progresivo dentro del sector comercial, pasando de roles de ventas a posiciones de supervisión y expansión, lo que demuestra mi capacidad de liderazgo y generación de resultados. A lo largo de mi trayectoria he fortalecido la cobertura y posicionamiento de marcas en campo, desarrollado relaciones sólidas [&hellip;]" />
<meta property="og:url" content="https://contratame.online/es/candidate/edgrequena-e/" />
<meta property="og:site_name" content="Contratame.online" />
<meta property="article:publisher" content="https://www.facebook.com/contratamegt" />
<meta property="article:modified_time" content="2026-02-17T14:18:42+00:00" />
<meta property="og:image" content="https://contratame.online/wp-content/uploads/wp-job-board-pro-uploads/_candidate_featured_image/2026/02/EDGAR-REQUENA.jpeg" />
	<meta property="og:image:width" content="768" />
	<meta property="og:image:height" content="1344" />
	<meta property="og:image:type" content="image/jpeg" />
<meta name="twitter:card" content="summary_large_image" />
<meta name="twitter:label1" content="Est. reading time" />
	<meta name="twitter:data1" content="1 minuto" />
<script type="application/ld+json" class="yoast-schema-graph">{"@context":"https://schema.org","@graph":[{"@type":"WebPage","@id":"https://contratame.online/es/candidate/edgrequena-e/","url":"https://contratame.online/es/candidate/edgrequena-e/","name":"Edgar Armando Requena Rodriguez - Contratame.online","isPartOf":{"@id":"https://contratame.online/#website"},"primaryImageOfPage":{"@id":"https://contratame.online/es/candidate/edgrequena-e/#primaryimage"},"image":{"@id":"https://contratame.online/es/candidate/edgrequena-e/#primaryimage"},"thumbnailUrl":"https://contratame.online/wp-content/uploads/wp-job-board-pro-uploads/_candidate_featured_image/2026/02/EDGAR-REQUENA.jpeg","datePublished":"2026-02-17T05:18:57+00:00","dateModified":"2026-02-17T14:18:42+00:00","breadcrumb":{"@id":"https://contratame.online/es/candidate/edgrequena-e/#breadcrumb"},"inLanguage":"es","potentialAction":[{"@type":"ReadAction","target":["https://contratame.online/es/candidate/edgrequena-e/"]}]},{"@type":"ImageObject","inLanguage":"es","@id":"https://contratame.online/es/candidate/edgrequena-e/#primaryimage","url":"https://contratame.online/wp-content/uploads/wp-job-board-pro-uploads/_candidate_featured_image/2026/02/EDGAR-REQUENA.jpeg","contentUrl":"https://contratame.online/wp-content/uploads/wp-job-board-pro-uploads/_candidate_featured_image/2026/02/EDGAR-REQUENA.jpeg","width":768,"height":1344},{"@type":"BreadcrumbList","@id":"https://contratame.online/es/candidate/edgrequena-e/#breadcrumb","itemListElement":[{"@type":"ListItem","position":1,"name":"Portada","item":"https://contratame.online/"},{"@type":"ListItem","position":2,"name":"Candidates","item":"https://contratame.online/en/candidate/"},{"@type":"ListItem","position":3,"name":"Edgar Armando Requena Rodriguez"}]},{"@type":"WebSite","@id":"https://contratame.online/#website","url":"https://contratame.online/","name":"Contratame.online","description":"Encuentra el empleo que siempre soñaste.","publisher":{"@id":"https://contratame.online/#organization"},"potentialAction":[{"@type":"SearchAction","target":{"@type":"EntryPoint","urlTemplate":"https://contratame.online/?s={search_term_string}"},"query-input":{"@type":"PropertyValueSpecification","valueRequired":true,"valueName":"search_term_string"}}],"inLanguage":"es"},{"@type":"Organization","@id":"https://contratame.online/#organization","name":"CONTRATA ME","url":"https://contratame.online/","logo":{"@type":"ImageObject","inLanguage":"es","@id":"https://contratame.online/#/schema/logo/image/","url":"https://contratame.online/wp-content/uploads/2023/07/logohd.png","contentUrl":"https://contratame.online/wp-content/uploads/2023/07/logohd.png","width":150,"height":50,"caption":"CONTRATA ME"},"image":{"@id":"https://contratame.online/#/schema/logo/image/"},"sameAs":["https://www.facebook.com/contratamegt"]}]}</script>
<!-- / Yoast SEO plugin. -->

He destacado en el ámbito laboral por mi crecimiento progresivo dentro del sector comercial, pasando de roles de ventas a posiciones de supervisión y expansión, lo que demuestra mi capacidad de liderazgo y generación de resultados. A lo largo de mi trayectoria he fortalecido la cobertura y posicionamiento de marcas en campo, desarrollado relaciones sólidas [&hellip;]

Encuentra el empleo que siempre soñaste.

Petén

4 Años

Español

Liderazgo y supervisión de equipos en campo

Gestión estratégica de rutas comerciales

Análisis de desempeño y mejora continua

Implementación de estrategias comerciales
